f 90 and g?
9
Suppose 4*f - 3*f + 6 = 3*b, b = 3*f + 26. Let s = 12 + f. What is the highest common factor of s and 12?
3
Let z(n) = -n**3 + 6*n**2 + 8*n - 10. Let l be z(7). Let a be -3*(-2 + 2 + l). Calculate the highest common factor of a and 45.
9
Let z = 6 + -3. Let a(r) = -r**2 + 4*r + r**3 - 4*r**2 + r**z - 4. Let c be a(4). Calculate the highest common divisor of c and 15.
15
Suppose 0 = 4*o - 15 - 5. Suppose -o*q = -0*q. Let f be (-4 + 8)*(q - -1). Calculate the greatest common divisor of f and 20.
4
Let t(h) = -h**3 + h**2 + 4. Let g = 6 + -8. Let y = -5 - g. Let f be t(y). What is the highest common factor of 8 and f?
8
Let h(w) = -w**2 + 19*w + 31. Let i be h(20). What is the highest common divisor of 99 and i?
11
Suppose -4*u - 90 = -14. Suppose -15 = -5*f, 3*f = 4*i - 0*f + 137. Let v = u - i. What is the highest common factor of 117 and v?
13
Let v be (-103)/(-3) + (-2)/6. Suppose k + 13 - v = -4*n, 32 = 3*n + 4*k. Suppose 241 + 463 = n*h. What is the highest common divisor of 16 and h?
16
Let f(x) = 4*x - 6. Let m be f(5). Let a = 4 + m. What is the highest common divisor of 162 and a?
18
Suppose x - 3 + 0 = 0. Suppose -5*h = 4*b + x - 5, 4*h = 3*b - 17. Let g be (-8)/(-2) - (4 - b). Calculate the highest common divisor of 1 and g.
1
Suppose -5*a + 5*g + 10 = 0, 3*a + 7*g + 29 = 3*g. Let w = a - -43. Calculate the highest common divisor of 10 and w.
10
Let o be 20/(-12)*3/(-1). Suppose -1 = -3*a - o*w + 12, 5*w = -a + 21. Let x = a + 8. What is the highest common factor of 8 and x?
4
Let s(j) be the third derivative of 0*j + 0*j**3 + 0 + 1/10*j**5 + 1/4*j**4 + 4*j**2. Let y be s(-4). Calculate the highest common factor of 9 and y.
9
Let s(g) = -38*g**3 - g - 1. Let k be s(-1). What is the greatest common factor of k and 95?
19
Let z(h) = h + 2. Let b be z(2). Suppose 8 = 2*n - b. What is the highest common factor of n and 54?
6
Let f be 3/(8/12 - 1). Let t be (-1)/(-3) + (-159)/f. Let y(b) = -b**3 + b**2 - b + 27. Let n be y(0). Calculate the greatest common divisor of n and t.
9
Suppose 10 = -2*c, -c = -5*f - 5*c - 80. Let z = 14 + f. What is the highest common factor of 22 and z?
2
Suppose -i + 3 = -3*p + i, -5*p - i = -8. Suppose -2*x + 9 = -33. Let l be (2 + p)/(x/182). What is the highest common divisor of l and 65?
13
Suppose -3*p + 15 = -0. Let c(q) = 7*q**2 - 2*q + 3. Let s be c(p). Suppose -j = -s + 28. What is the greatest common factor of 14 and j?
14
Let u = 4 - -12. Calculate the greatest common divisor of 144 and u.
16
Suppose -t - 52 + 267 = 0. Suppose -2*u + t = 3*u. Suppose -77 = -5*j + u. What is the greatest common factor of 8 and j?
8
Let k be 2/(-9) - (-695)/9. Suppose -6 = 2*l, 10*m - 7*m - 5*l - 48 = 0. What is the greatest common divisor of m and k?
11
Suppose -o + f + 151 = -63, -2*o + f = -429. Calculate the greatest common divisor of o and 43.
43
Let o(j) = -j**2 - 10*j - 4. Let y be o(-9). Calculate the highest common divisor of y and 10.
5
Suppose -d = -2*a + 37, 2*a + 2*d - 19 = -3*d. Calculate the greatest common factor of 153 and a.
17
Let w = -212 - -465. Suppose -5*j - 3*s + 121 = 0, -35 = -5*j + 5*s + 70. Calculate the greatest common divisor of j and w.
23
Let i be (-2 - -134)/(6/8). Let d(y) = -6*y - 14. Let x be d(-6). Calculate the highest common factor of i and x.
22
Suppose -4*q + 4*z - 6*z = -40, -2*z - 8 = 0. What is the greatest common factor of 4 and q?
4
Let r be 8/(-16)*(3 + 1). Let q(y) = 5*y**2 - y. Let d be q(r). Calculate the highest common factor of 22 and d.
22
Let j(k) = -k**2 - 3*k + 2. Let w be j(-3). Suppose 0 = 2*a - 4*a + 4*m + 32, w*m = 4*a - 58. Calculate the highest common divisor of a and 7.
7
Let j(n) = 10*n + 2. Let m be j(2). Calculate the greatest common factor of m and 242.
22
Let q = -222 - -366. Calculate the highest common factor of q and 18.
18
Let v(c) = -37*c - 4. Let a be v(-4). Calculate the highest common divisor of 18 and a.
18
Let q(x) = -x**3 - 4*x**2 - 5*x - 1. Let i = -8 - -4. Let z be q(i). What is the highest common divisor of 190 and z?
19
Suppose 2*i + 10 = 0, -5*q - i = -67 - 203. What is the highest common divisor of q and 5?
5
Suppose 0 = -2*b - 3 + 5. Let i be (b/2)/((-3)/(-222)). Suppose i - 179 = -4*o + 2*m, -o + m = -38. What is the greatest common factor of o and 3?
3
Let w(p) = p**3 - 10*p**2 + 10*p + 10. Let z be w(9). What is the greatest common factor of z and 57?
19
Let v be -3 + -1*-2*3. Let t = -5 - -8. What is the greatest common factor of v and t?
3
Suppose -n - 5*v = -5*n + 456, 5*n = 2*v + 587. Let p = 264 - 247. What is the highest common factor of p and n?
17
Let c = -3 - -10. Let g be (-2316)/(-21) + (-2)/c. Suppose 8*w - g = 3*w. What is the highest common divisor of w and 11?
11
Let w = -122 - -162. Suppose 30 = 6*m - 3*m. Calculate the highest common factor of w and m.
10
Let f be 661 - 1/(1/1). Suppose -f = -5*n - 125. Suppose n = 2*g + 37. Calculate the highest common divisor of g and 14.
7
Suppose 0 = 4*p + 4*s - 64, 4*p + 2*s = 3*s + 39. What is the greatest common divisor of 11 and p?
11
Let t(b) = b + 15. Let u be t(-11). Suppose r = -4*w + 52, -5*r + 142 = -2*r + 5*w. Calculate the highest common factor of u and r.
4
Suppose -346 = -6*r - 130. Calculate the greatest common factor of 9 and r.
9
Suppose -l - 14 = 2*v, -2*l - 14 - 11 = v. Let s be 7 - (-3)/(-6)*6. Let j be l/s*12/(-2). Calculate the greatest common divisor of 9 and j.
9
Suppose -5*b + 9 = -2*b. Let v(m) = 1 - 1 - b*m. Let j be v(-4). What is the greatest common factor of 18 and j?
6
Let m be (-12)/(-8)*(10 - 2). What is the greatest common factor of m and 36?
12
Let x be (6/3)/(-2 - 0). Let m(f) = -3*f - 1. Let a be m(x). Let q = 2 - -2. What is the greatest common factor of a and q?
2
Let q be 2/6*0 + 2. Suppose 3*x + q*x = -10. Let c(y) = -y**2 - 5*y - 1. Let f be c(x). Calculate the highest common factor of f and 1.
1
Let h(m) = 14*m**2 - 1. Let y be h(-2). Let c = -135 - -90. Let d be (-215)/c - (-2)/9. What is the greatest common factor of y and d?
5
Suppose -55 = -5*d + 5*z, 5*d + z = d + 59. What is the greatest common divisor of d and 112?
14
Let w = 19 + -28. Let i = w - -32. Let l(m) = 24*m**3 - 2*m**2 - 2*m + 4. Let y be l(2). What is the highest common divisor of y and i?
23
Let v be (-10 + 12)/((-4)/(-6)). What is the greatest common factor of v and 27?
3
Suppose -1349 = -4*q + i, -3*i + 1392 = 5*q - 273. What is the highest common factor of 48 and q?
48
Suppose 15 = -4*u + 5*u. Calculate the greatest common factor of u and 90.
15
Let r be (-2)/3 - 2/(-3). Let w = 99 - r. Calculate the highest common divisor of 9 and w.
9
Suppose -3*c = -0*c - 36. Let q be (-24)/18*3/(-2). Suppose g - 3*p = -q*p + 4, 4*g + 2*p - 16 = 0. Calculate the greatest common factor of g and c.
4
Suppose 0 = -8*f + 11*f - 27. Calculate the highest common factor of f and 81.
9
Let d(c) = -c - 3. Let w be d(-3). Suppose 4*h + 4*b - 3*b - 96 = w, -2*b = h - 24. Calculate the highest common factor of 36 and h.
12
Let l = 27 + -12. Suppose -11*t = -17*t + 450. Calculate the greatest common divisor of l and t.
15
Suppose -4*o = c - 32, -4 = -5*o - 2*c + 33. Suppose 4*v - 449 = -125. What is the highest common factor of o and v?
9
Let p(f) = 3*f + 8. Let j be p(2). What is the highest common divisor of 70 and j?
14
Let a = -15 + 26. Suppose -p + a = -43. Calculate the greatest common divisor of 18 and p.
18
Let t(q) = -q**3 - 5*q**2 - 6*q - 3. Let l be t(-4). Suppose 0 = x - 3*b - 30, -l*x + 2*b = 21 - 145. Calculate the greatest common divisor of 12 and x.
12
Let i(u) = 8 - 2*u + 9 - 16. Let h be i(0). Let s = -10 - -17. What is the greatest common divisor of h and s?
1
Let p(m) = -m**2 + 6*m. Let a be p(5). Suppose -2 = t - 0*d - a*d, 3*d = 3. Let o be 9/t + 2 - 2. Calculate the highest common divisor of 33 and o.
3
Let a be (0 + -3)*(-5 - -4). Suppose -4*p = -2*g - 25 - a, g = 0. Let x = 15 - -20. What is the highest common factor of p and x?
7
Let g(k) = -2*k + 8. Let l be g(-17). Calculate the greatest common divisor of 14 and l.
14
Let o be 74/6 + (-4)/(-6). Let c(t) = t**2 + 7*t + 13. Let d be c(-7). What is the highest common factor of d and o?
13
Let q be 4/12*6/2. Suppose -j + 2*j = q. Calculate the greatest common divisor of j and 7.
1
Let w be ((-14)/(